 h = p + 1. Suppose h = 3*g - 5. What is the units digit of g?
3
Suppose -10 = -h - 6. Suppose -q - h*b + 23 = 0, -q - 5*b + 69 = 2*q. What is the units digit of q?
3
Let l be (-1287)/(-6) - 2/(-4). What is the tens digit of (-3)/4 + l/20?
1
What is the units digit of 7/(-28) + 81/4?
0
Let w be 5*(28/10 - -2). Let p = -7 + 10. Suppose -6*q = -p*q - w. What is the units digit of q?
8
Let a = 68 + 40. What is the units digit of a?
8
Let s = -13 + 16. Suppose -g = 2*g - q - 128, 0 = s*g - 5*q - 136. What is the tens digit of g?
4
Suppose w + 3*w - 212 = 0. What is the tens digit of w?
5
Suppose 0 = 2*r - 0*f + 5*f - 24, 3*r = -f + 23. Let d = r + -5. Suppose 0 = 2*w + d - 8. What is the units digit of w?
3
Let v be 10/(-3)*(-684)/20. Suppose -3*a + k = 3*k - v, 0 = -3*a - k + 111. What is the tens digit of a?
3
Let z(y) be the third derivative of -1/6*y**4 + 1/20*y**5 + y**2 + 0 + 0*y + 2/3*y**3. What is the tens digit of z(3)?
1
Suppose -4 = -2*s, -3*t - 9 = -3*s - 30. What is the units digit of t?
9
Let m(s) be the third derivative of s**5/60 + s**4/6 - 2*s**3/3 - 2*s**2. What is the units digit of m(-5)?
1
Let l(h) = h**3 + 7*h**2 - 6*h - 10. What is the tens digit of l(-7)?
3
Suppose 3*p = -z - 27, -5*p - 45 = -0*p - 4*z. What is the units digit of 15/(-9)*p + -3?
2
Let u(p) be the first derivative of -2*p**2 + 19*p + 1. Let b(n) = -2*n + 9. Let a(l) = -13*b(l) + 6*u(l). What is the units digit of a(2)?
1
Let p = -4 - -4. Let b(h) = p + h + h**2 + 0. What is the units digit of b(1)?
2
Let z be 2/((-3)/(-24)*-2). Let r = -5 - z. What is the units digit of r?
3
Suppose o + 4*o - 75 = 0. Let a be (-5)/(-10)*(1 - o). What is the units digit of (a/(-28))/(2/104)?
3
Suppose h - 15 = 11. What is the tens digit of h?
2
Let m(r) = 2*r**2 + 25. What is the tens digit of m(0)?
2
Let u(q) = -q**2 + 8*q + 2. Let t be u(8). Let w(d) = -d**2 + 5*d - 3. Let m be w(4). Let c = t + m. What is the units digit of c?
3
Let b = -1 + 1. Suppose b = w + 2 - 4. Suppose -5*c - 2*n = -w, -2*c - 4*n + n = 8. What is the units digit of c?
2
Suppose -y - 5*n - 56 = -3*y, -2*y + 56 = -3*n. What is the units digit of y?
8
Suppose 5*h - 11 = -p - 3*p, 4*h = 4*p - 20. Suppose p*s - 33 + 1 = 0. Suppose 0 = -y + 1, -3*y + s = g - 0*g. What is the units digit of g?
5
Suppose -5*n = -4 - 81. What is the units digit of n?
7
What is the units digit of (-51)/(5/((-200)/15))?
6
Let z(b) = 3*b**2 - 2*b - 2. Let h be z(2). What is the units digit of ((-80)/(-15))/(h/27)?
4
Let l(b) = -b**3 - 5*b**2 + 5*b - 1. Let j be l(-6). Let q be (1 + -3)/(-6 + j). Suppose 0 = -4*d - 4, -d - 29 = -q*g - 0*d. What is the tens digit of g?
1
Suppose -2*m + 48 = m. Let b = m + 20. What is the units digit of b?
6
Let i(n) = 0 - 13*n - n**3 + 9*n + 1 + 12*n**2 - 5*n. What is the tens digit of i(11)?
2
Suppose -3*s + 4*z + 126 = 0, -2*s - 126 = -5*s + 5*z. What is the units digit of s?
2
Let u(y) = -5*y**3 + y**2 - 1. Let x be u(-1). Suppose 0 = 9*n - 58 - 86. Suppose b + 2*i = n, -4*i = -x*b - 3*i + 25. What is the units digit of b?
6
Suppose 0 = -3*m + 8 + 1. What is the units digit of m?
3
Let k(w) = 2*w**3 + 2*w**2 - w + 2. Let p be k(-2). What is the units digit of ((-74)/p + 0)*2?
7
Let r be (6/(-12))/(1/2). What is the units digit of (-3 - 1)/(r - 1)?
2
Suppose -10*j = -663 - 87. What is the units digit of j?
5
Let b be ((-11)/(-2))/((-3)/12). Let m = 32 + b. What is the units digit of m?
0
Suppose 2*a - 15 = -3*a. Suppose 2*k + 30 = 4*d, -3*k + 30 = 3*d + 3. Suppose -a*z + 5*z - d = 0. What is the units digit of z?
4
Suppose -5*w + 274 = r, -3*r - 2*r + 236 = 4*w. What is the tens digit of w?
5
Let c(p) = -13*p. What is the units digit of c(-3)?
9
Let r = 18 - 13. Suppose 37 = -r*i - z, -z + 11 = -2*i - 8. What is the units digit of 12*2*(-2)/i?
6
Suppose 45 = 3*w + 3. What is the tens digit of w?
1
Suppose 3*q + 7 = -2. Let y be q*16/(-6) - -1. Let o = -2 + y. What is the units digit of o?
7
Suppose 3*y = -5*k + 65, 0 = 3*k + k - 4. What is the tens digit of y?
2
Let q = -10 + -2. Let h = -8 - q. What is the units digit of h?
4
Let g = 2 - -3. Let a(r) = 6*r - 5. What is the tens digit of a(g)?
2
Let i = -4 + 8. Suppose i*s = 0, 20 = 5*z - 5*s + 2*s. Suppose -z*v + 4 = -0*v, 15 = u - 3*v. What is the units digit of u?
8
Let j be (-12)/18 + 124/(-3). Let f = j + 29. Let d = -9 - f. What is the units digit of d?
4
Suppose 4*p - 13 = 3, 0 = -3*j - 4*p + 433. What is the units digit of j?
9
Let x = 20 + -15. Suppose 4*i + 4 = q + 12, x*i = -5*q + 35. What is the units digit of q?
4
Let j = -13 - -29. Suppose -2*s - 20 = -6*s, -3*m + 3*s = -63. Let y = m - j. What is the tens digit of y?
1
What is the units digit of (-90)/(-12)*8/6?
0
Let i = -144 + 312. What is the units digit of i?
8
Let b(t) = t**3 + 3*t**2 - 3*t + 4. Let o be b(-4). Suppose o*i + 4*i = 24. Let l = i + -2. What is the units digit of l?
4
Let x(a) = -a - 3. Let f be x(-3). Suppose f = -4*p - 5*w + 37, -12 = 2*p - 5*w + 7. What is the units digit of p?
3
Let i(s) = 2*s + 14. Let l be i(0). Suppose -8 = -4*t - 0*t. Suppose 4*m + l = b - 3*b, 4*b = t*m + 22. What is the units digit of b?
3
Let w = -12 - -14. Suppose 4*y = 3*a - y - 121, -78 = -2*a + w*y. What is the units digit of a?
7
What is the tens digit of -5*191*(-1)/5?
9
Suppose -2*s + 20 = -0. Let v = -8 + s. Suppose -v*o + 1 + 3 = 0. What is the units digit of o?
2
Suppose -1323 = 6*s - 13*s. What is the tens digit of s?
8
Suppose 43 + 14 = 3*d. Let q = 28 - d. What is the units digit of q?
9
Let s = -43 + 80. What is the tens digit of s?
3
Let v be (-30)/4 + 2/4. Let g = v + 11. Suppose -10 = 2*h - g*h. What is the units digit of h?
5
Let f = -15 - -29. Let i = 31 - f. What is the tens digit of i?
1
Let x(s) = s**3 + 11*s**2 + 19*s - 4. Let f be x(-9). Let b be (-1 - -1) + 23/1. Let y = f + b. What is the tens digit of y?
1
Let c be (2/3)/((-2)/(-6)). Let z be (1 - -18) + (-2 + 1 - 1). Suppose c - z = -w. What is the tens digit of w?
1
Let m = 63 + -45. What is the tens digit of m?
1
Let b = 60 - 18. What is the units digit of b?
2
Let c be 1/4 + (-81)/(-12). Let d be (-1280)/(-28) + 2/c. Suppose -3*l = -d - 8. What is the tens digit of l?
1
Let m = -39 + 72. What is the tens digit of m?
3
Suppose -148 = -6*t + 50. What is the units digit of t?
3
Let t be ((-1)/(-2) + -1)*-10. Suppose -h + 27 = 2*l, -t*h + 20 = -3*l - 50. What is the tens digit of h?
1
Let p = -244 - -506. What is the tens digit of p?
6
Let m(w) = -7*w**3 - 10*w**2 + 15*w - 10. Let a(t) = -13*t**3 - 20*t**2 + 29*t - 19. Let z(b) = 6*a(b) - 11*m(b). What is the tens digit of z(-11)?
1
Let n = 6 - -15. Let l = n - 13. What is the tens digit of (-2)/8 - (-98)/l?
1
Let q(l) = l + 13. Let n be q(-6). Suppose 0*j = -j + n. Suppose -j - 7 = -2*p. What is the units digit of p?
7
What is the units digit of 12/(16/4) + -2?
1
Suppose -5 = -2*i + 1. Suppose -i*q = -6 - 63. Suppose -r - 4*r = -2*f - 21, -f - q = -5*r. What is the units digit of f?
2
Suppose 4*j - 43 = 9. What is the units digit of j?
3
Let d = -85 - -211. What is the units digit of d?
6
Suppose -3*r - 12 = 18. Let y = -14 - r. Let i = y - -11. What is the units digit of i?
7
Let m = -9 + 57. What is the tens digit of m?
4
What is the units digit of 1*2*318/12?
3
Suppose 0 = 2*v + p - 123, -3*v - 4*p - 49 = -231. Let t = 92 - v. What is the tens digit of t?
3
What is the units digit of ((-12)/9)/((-1)/21)?
8
Let a(f) = 2*f**2 + f**2 + f**3 + 3 + 1 - 8*f**2. Suppose 5*m + 13 = h - 2, 4*h - 3*m = 26. What is the units digit of a(h)?
4
Let z(g) = -g**3 - 9*g**2 - 6*g - 2. What is the tens digit of z(-9)?
5
Let r(u) = u. Let n(b) = b**2 - 7*b + 6. Let h(o) = n(o) + 4*r(o). What is the tens digit of h(5)?
1
Let f be ((-3)/6)/((-1)/8). Let d(h) = h**3 - 3*h**2 + h + 2. Let r be d(2). Suppose 4*j - 43 = 5*c, r = -3*c - f - 5. What is the units digit of j?
7
Let t be (-15)/(-10)*(-4)/6. Let h = t - -20. What is the tens digit of h?
1
Suppose i = -3*d - 0*d + 497, 680 = 4*d - 3*i. What is the units digit of d?
7
Let k = 3 - 7. Let z = -2 - k. What is the units digit of z?
2
Let o(n) = -n + 2. Let b be o(-6). Let d be 22/6 - b/12. Suppose -d = -m + 3. What is the units digit of m?
6
Let i(n) = 11*n - 3. Let z(a) = a**2 + 9*a + 10. Let w be z(-8). What is the un